= -3*x - 6. What is the units digit of y(x)?
3
Let n = 0 - -4. What is the units digit of -1*1*(-36)/n?
9
Let a be (-1240)/(-15) - (-4)/(-6). Suppose -g - 18 = 3*n - a, -4*n - 5*g = -100. What is the tens digit of n?
2
Let s(f) = f - 3. Let h be s(-5). Let y = h - -12. What is the units digit of y?
4
Let w(m) = 3*m**2 + 0*m - 4 - 2*m**2 - m. Let v be w(3). What is the units digit of 3/(12/v)*2?
1
Let x(p) = p - 5. Let s be x(7). Let h = s - 1. What is the units digit of h?
1
Let m(u) = -u + 11. Let f be m(6). Suppose 7*r = f*r + 48. What is the tens digit of r?
2
Suppose -693 = -8*o + 3. What is the units digit of o?
7
Let p = 69 + -28. What is the units digit of p?
1
Let k = 62 + -42. What is the tens digit of k?
2
Let d be 44/7 - 24/84. What is the units digit of 2/d*0 + 27?
7
Let x(w) = 3*w**2 - 6*w + 17. Let r(f) = 4*f**2 - 9*f + 25. Let i(a) = -5*r(a) + 7*x(a). Let g be i(-6). What is the units digit of 67/5 + g/20?
4
Suppose -2*r + 4 = -4*a - 6, -4*r + 20 = -a. Suppose a*d + 4*d = 120. Suppose 3*y - 3*c = 54, 4*y = 3*y - 3*c + d. What is the units digit of y?
1
Suppose 18*a - 4*a = 2072. What is the hundreds digit of a?
1
Let j(x) = 5*x**2 + 7*x. Let r be j(-5). Suppose -3*t = -2*t - b - 8, -5*t - 5*b + r = 0. What is the tens digit of t?
1
Let j(n) = 33*n - 33. What is the units digit of j(6)?
5
Suppose -4*y - 11 = -5*n + 9, -2*n = -5*y - 8. Suppose y*s = 3*j - s + 11, -3*j - 17 = -4*s. What is the units digit of (-75)/(-9) - j/(-9)?
8
Suppose -l = 1, -3*l = -2*c + c + 5. Suppose c*w - 65 = -0*w + o, 0 = -5*o + 15. What is the units digit of w?
4
Suppose 0 = 3*r - 1 - 47. What is the units digit of r?
6
Suppose 0 = o + 7 - 127. Suppose 0*a = -4*a + o. What is the units digit of a?
0
Let v = -6 + 48. Suppose -4*f + 70 = -v. What is the tens digit of f?
2
Let i be 1*-1*(-1 - 2). Suppose 2*y + i = 3*y. What is the units digit of (-4 - -1)/(y/(-2))?
2
Suppose 0 = 4*k - 3 - 5. Suppose 0 = -u + 5*n + 17, 0*u + 2*u - 10 = 2*n. Suppose -b = -k*b + u. What is the units digit of b?
2
Let h(z) = 2*z + 6. Let x be h(-4). Suppose -6 = -3*y - 3*b, 0 = -3*y + 2*y + 3*b + 6. Let w = y + x. What is the units digit of w?
1
Suppose 17 = 5*d - 13. Let k(r) = -3*r + 19. What is the units digit of k(d)?
1
Suppose 2*o = -4*n + 20, o - 5*n - 3 = -0*n. What is the units digit of o?
8
Suppose 36 + 45 = 3*w - 3*y, 0 = -5*y - 15. Suppose 0 = -2*j + f + w, -4*j - 2*f + 40 = -0*j. What is the tens digit of j?
1
Let d(z) = -z**2 + 7*z + 10. Suppose 3*g - 2*g = 8. What is the units digit of d(g)?
2
Let s be (-4)/14 - 2/(-7). Let q = -1 - s. Let n(v) = -v**3 + v**2 - v - 1. What is the units digit of n(q)?
2
Let b be (-1)/((-1)/1) + 2. Suppose i = -3*s + b*i + 70, 0 = -s + 2*i + 30. What is the tens digit of s?
2
Suppose 4*s = -2*x + 18, -2*s = -5*x - 1 - 2. Suppose -s*c = c - 120. What is the tens digit of c?
2
Suppose -5*n + 45 = -5*c, -3*n - 3 = -5*n - c. Suppose n*x - 119 + 47 = 0. Let v = 30 - x. What is the units digit of v?
2
Suppose -2*l = -4*l. Suppose 0 = -l*m - 2*m - 5*f - 19, -3*m + f = 37. What is the units digit of 21/(-1)*m/14?
8
Suppose 2 = x - 0. Suppose x*n - 2 = -8. Let p = 4 + n. What is the units digit of p?
1
Let i(a) = 6*a**3 - 2*a**2 + 1. Let q be i(-1). Let n(c) = -c**3 - 7*c**2 - 3*c - 5. Let v be n(q). Suppose -s = s - v. What is the units digit of s?
8
Suppose -3*f = 5*s - 0*f - 56, s - 12 = -f. Suppose 0 = -d + 4*v + 23, 3*d + 0*d - 5*v - 55 = 0. Let g = d - s. What is the units digit of g?
5
Let t be (22 + 0)*(-6)/(-4). Suppose -5*d - 3*h + 5 = 26, 4*d + t = 3*h. What is the units digit of (-52)/d - (-3)/9?
9
Let s(w) be the third derivative of w**6/120 + w**5/20 - w**4/8 + 3*w**2. What is the units digit of s(2)?
4
Let z = -409 + 653. What is the hundreds digit of z?
2
Let u be ((-2)/(-6))/((-3)/(-18)). Let j = u - 3. Let f = j - -2. What is the units digit of f?
1
Suppose -2*o = o. Suppose o = -4*q + 7*q. Suppose 3*x - 3 + 0 = q. What is the units digit of x?
1
Let f(l) = l**2 - 5*l - 6. Let y be f(6). Suppose -1 = q + h, y*q + 1 = -q + 4*h. What is the tens digit of q - 0 - 7*-2?
1
Suppose 5*v = -2*d + 111 + 316, d + 2*v = 214. What is the tens digit of d?
1
Let y = 44 - 12. What is the tens digit of y?
3
Let c(m) = -m**3 + 4*m**2 - 4*m + 3. Let y be c(2). Let s = y + -1. What is the units digit of s?
2
Let z(f) = -f**3 - 11*f**2 - 12*f - 13. What is the units digit of z(-10)?
7
What is the tens digit of 1*(-3 + 3) - -200?
0
Suppose 4*i = 6*k - 4*k + 158, 4*k = -5*i + 191. What is the tens digit of (-3 + -2)*i/(-15)?
1
Let n(q) = -q**2 - 6*q + 1. Let y be n(-5). Let m = y - 3. What is the units digit of m?
3
Suppose -5*r + 13 - 3 = 0. What is the units digit of r?
2
Let b(r) = -r + 9. Let l be b(7). Suppose -36 = -l*c + 6. Let f = c - 12. What is the units digit of f?
9
Let m = -56 - -82. What is the units digit of m?
6
Let p be 1*(-1 - 0) - 2. Let i be 0/3 + p - -7. Suppose i*a - 5*t = 31, -a + 65 = 4*a - t. What is the tens digit of a?
1
Let z(b) = b**2 - 2*b + 1. Let d = -2 - -4. Suppose -c - 3 = -d*c. What is the units digit of z(c)?
4
Suppose 4*h - 19 = -3*j, 3*h - 3 = -2*j + 11. Suppose -4*m + 12 = 4*n - 0, 0 = h*m + n - 12. Suppose -m*l = -7 - 8. What is the units digit of l?
5
Suppose -t + 3*l = -23, 0*l - 2*l = -4*t + 42. Let z = 13 - t. What is the units digit of z?
5
Suppose 5*u = -h + 35, -2*u + h + 0*h + 7 = 0. Let j = u + -4. Suppose 0*a - j*a + 6 = 0. What is the units digit of a?
3
Let r be -39*(1 + (-2 - 0)). Suppose 16 = 5*y - r. Let j = 16 - y. What is the units digit of j?
5
Let c be (0 - 3)/(6/8). Let q = -1 - c. Suppose -28 = -4*v - q*k, -4*v + 4*k = -0*v. What is the units digit of v?
4
Let v = 22 + 5. What is the tens digit of v?
2
Suppose -3*z - 119 = -3*t + 2*z, -t = 5*z - 53. Let j = t - 20. What is the units digit of j?
3
Suppose -y = 3*y - 28. Suppose 5*m + 2*c + 2*c - 67 = 0, -4*c = -4*m + 68. Suppose -5*o + m = l, -5*l + y*o + 101 = 6*o. What is the tens digit of l?
2
Suppose 4 = -2*d + 4*d. Let w(p) = 10*p - 1. What is the units digit of w(d)?
9
Let x(y) = -y**2 + 9*y + 3. Let j be x(9). Suppose -2*b = -s + 2*b + j, s = 3*b + 5. What is the tens digit of s?
1
Let x(z) = z - 1. Let f be x(-2). Let b = f - -4. What is the units digit of b?
1
Let k be -1 + 2 - -1 - -66. Suppose 0*x - k = -4*x. What is the tens digit of x?
1
Suppose -930 = 29*n - 32*n. What is the hundreds digit of n?
3
Suppose 0 = -2*j - 5*p + 3, 4*j + p - 15 + 0 = 0. What is the units digit of 1*(-7)/((-14)/j)?
2
Let w be (8/5)/(1/5). Let p = w + -5. Let t = p + 3. What is the units digit of t?
6
Suppose 210 = h + 3*x + 26, 4*h - 4*x = 704. What is the tens digit of h?
7
Let v be 26/7 + (-4)/(-14). Suppose 2*c = v*c - 34. What is the units digit of c?
7
Let w = 54 - 30. What is the tens digit of w?
2
Let p(y) = y**3 + 7*y**2 + 6*y - 7. Suppose -5*z = 3*w + 13, -2*z - 2*z + 5*w - 40 = 0. What is the tens digit of p(z)?
1
Let j = -98 + 166. Suppose -3*f - 4*h + 7*h = -36, 0 = 5*f - h - j. What is the tens digit of f?
1
Let n(p) = -p**2 + 5*p - 4. Let y be n(3). Suppose y*x = x + 2. Suppose -a - 4*k = 2*a - 35, 5*a + x*k - 35 = 0. What is the units digit of a?
5
Let l = 7 - 4. Suppose -l*m - 60 - 9 = -3*j, -j = 2*m - 23. What is the units digit of j?
3
What is the tens digit of (1/5)/(4/1060)?
5
Suppose -4*v + 999 - 103 = 0. What is the hundreds digit of v?
2
Suppose -3*i = -2*l + 4, 0 = 5*l + 7 - 2. Let v = i + 7. What is the units digit of v?
5
Let x = 66 + -4. What is the tens digit of x?
6
Let g = 6 - 5. Suppose -2*w + 48 = 2*w. Suppose g + w = s. What is the tens digit of s?
1
Suppose -7 = -5*a + 8. Suppose -8 = -b + 2. Suppose -a*c = 2 + b, 3*c = 4*t - 36. What is the units digit of t?
6
Let p(g) = g**3 + 8*g**2 + 9*g + 8. Let d be 40/(-8) - (0 - -1). What is the units digit of p(d)?
6
What is the tens digit of 47 + (-3 - -5) + -5?
4
What is the units digit of 65/20*4*11?
3
Suppose q + 2 = 11. Let p be -2 - q/(-2)*2. Suppose 0 = 4*x - 5*i - 28, p*x - i - 21 = 4*x. What is the units digit of x?
7
Let n(c) = -42*c. Let r be n(-2). Suppose h = 2*u + r, 3*u - h = -2*u - 213. Let x = -31 - u. What is the tens digit of x?
1
Suppose 0 = y - 2 + 10. Let v = 11 + y. What is the units digit of v?
3
Let s(n) be the second derivative of 1/2*n**